{"id":11,"date":"2023-11-06T20:21:21","date_gmt":"2023-11-06T20:21:21","guid":{"rendered":"https:\/\/highqualitygroup.cl\/?page_id=11"},"modified":"2025-10-26T23:56:58","modified_gmt":"2025-10-27T03:56:58","slug":"home","status":"publish","type":"page","link":"https:\/\/highqualitygroup.cl\/","title":{"rendered":"Inicio"},"content":{"rendered":"\n<h2 class=\"wp-block-heading\">Implementamos y auditamos Sistemas de Gesti\u00f3n ISO que aceleran tus resultados<\/h2>\n\n\n\n<p class=\"has-text-align-center\">Expertos en ISO 9001, ISO 14001, ISO 45001, ISO 27001, ISO 50001 y NCh 2728. Del diagn\u00f3stico a la auditor\u00eda externa, con enfoque en cumplimiento y resultados de negocio.<\/p>\n\n\n\n<ul class=\"wp-block-list\">\n<li>Diagn\u00f3stico y plan prioritario en 10 d\u00edas<\/li>\n\n\n\n<li>Auditores L\u00edder certificados (IRCA)<\/li>\n\n\n\n<li>Evidencias listas para auditor\u00eda externa<\/li>\n<\/ul>\n\n\n\n<div class=\"wp-block-buttons is-layout-flex wp-block-buttons-is-layout-flex\">\n<div class=\"wp-block-button\"><a class=\"wp-block-button__link wp-element-button\" href=\"\/contacto\">Agenda Reuni\u00f3n<\/a><\/div>\n\n\n\n<div class=\"wp-block-button\"><a class=\"wp-block-button__link wp-element-button\" href=\"#\">Descarga checklist de Auditor\u00eda Interna<\/a><\/div>\n<\/div>\n\n\n\n<p>Respondemos en menos de 24 h \u00b7 Confidencialidad garantizada \u00b7<\/p>\n\n\n\n<p><\/p>\n","protected":false},"excerpt":{"rendered":"<p>Implementamos y auditamos Sistemas de Gesti\u00f3n ISO que aceleran tus resultados Expertos en ISO 9001, ISO 14001, ISO 45001, ISO 27001, ISO 50001 y NCh 2728. Del diagn\u00f3stico a la auditor\u00eda externa, con enfoque en cumplimiento y resultados de negocio. Respondemos en menos de 24 h \u00b7 Confidencialidad garantizada \u00b7<\/p>\n","protected":false},"author":1,"featured_media":0,"parent":0,"menu_order":0,"comment_status":"closed","ping_status":"closed","template":"","meta":{"_themeisle_gutenberg_block_has_review":false,"footnotes":""},"class_list":["post-11","page","type-page","status-publish","hentry"],"yoast_head":"<!-- This site is optimized with the Yoast SEO plugin v26.9 - https:\/\/yoast.com\/product\/yoast-seo-wordpress\/ -->\n<title>Inicio - High Quality Group<\/title>\n<meta name=\"robots\" content=\"index, follow, max-snippet:-1, max-image-preview:large, max-video-preview:-1\" \/>\n<link rel=\"canonical\" href=\"https:\/\/highqualitygroup.cl\/\" \/>\n<meta property=\"og:locale\" content=\"es_ES\" \/>\n<meta property=\"og:type\" content=\"article\" \/>\n<meta property=\"og:title\" content=\"Inicio - High Quality Group\" \/>\n<meta property=\"og:description\" content=\"Implementamos y auditamos Sistemas de Gesti\u00f3n ISO que aceleran tus resultados Expertos en ISO 9001, ISO 14001, ISO 45001, ISO 27001, ISO 50001 y NCh 2728. Del diagn\u00f3stico a la auditor\u00eda externa, con enfoque en cumplimiento y resultados de negocio. Respondemos en menos de 24 h \u00b7 Confidencialidad garantizada \u00b7\" \/>\n<meta property=\"og:url\" content=\"https:\/\/highqualitygroup.cl\/\" \/>\n<meta property=\"og:site_name\" content=\"High Quality Group\" \/>\n<meta property=\"article:modified_time\" content=\"2025-10-27T03:56:58+00:00\" \/>\n<meta name=\"twitter:card\" content=\"summary_large_image\" \/>\n<meta name=\"twitter:label1\" content=\"Tiempo de lectura\" \/>\n\t<meta name=\"twitter:data1\" content=\"1 minuto\" \/>\n<script type=\"application\/ld+json\" class=\"yoast-schema-graph\">{\"@context\":\"https:\/\/schema.org\",\"@graph\":[{\"@type\":\"WebPage\",\"@id\":\"https:\/\/highqualitygroup.cl\/\",\"url\":\"https:\/\/highqualitygroup.cl\/\",\"name\":\"Inicio - High Quality Group\",\"isPartOf\":{\"@id\":\"https:\/\/highqualitygroup.cl\/#website\"},\"datePublished\":\"2023-11-06T20:21:21+00:00\",\"dateModified\":\"2025-10-27T03:56:58+00:00\",\"breadcrumb\":{\"@id\":\"https:\/\/highqualitygroup.cl\/#breadcrumb\"},\"inLanguage\":\"es\",\"potentialAction\":[{\"@type\":\"ReadAction\",\"target\":[\"https:\/\/highqualitygroup.cl\/\"]}]},{\"@type\":\"BreadcrumbList\",\"@id\":\"https:\/\/highqualitygroup.cl\/#breadcrumb\",\"itemListElement\":[{\"@type\":\"ListItem\",\"position\":1,\"name\":\"Portada\",\"item\":\"https:\/\/highqualitygroup.cl\/\"},{\"@type\":\"ListItem\",\"position\":2,\"name\":\"Inicio\"}]},{\"@type\":\"WebSite\",\"@id\":\"https:\/\/highqualitygroup.cl\/#website\",\"url\":\"https:\/\/highqualitygroup.cl\/\",\"name\":\"High Quality Group\",\"description\":\"Servicios profesionales de auditoria y consultor\u00eda de normas ISO\",\"publisher\":{\"@id\":\"https:\/\/highqualitygroup.cl\/#organization\"},\"potentialAction\":[{\"@type\":\"SearchAction\",\"target\":{\"@type\":\"EntryPoint\",\"urlTemplate\":\"https:\/\/highqualitygroup.cl\/?s={search_term_string}\"},\"query-input\":{\"@type\":\"PropertyValueSpecification\",\"valueRequired\":true,\"valueName\":\"search_term_string\"}}],\"inLanguage\":\"es\"},{\"@type\":\"Organization\",\"@id\":\"https:\/\/highqualitygroup.cl\/#organization\",\"name\":\"High Quality Group\",\"url\":\"https:\/\/highqualitygroup.cl\/\",\"logo\":{\"@type\":\"ImageObject\",\"inLanguage\":\"es\",\"@id\":\"https:\/\/highqualitygroup.cl\/#\/schema\/logo\/image\/\",\"url\":\"https:\/\/highqualitygroup.cl\/wp-content\/uploads\/2023\/11\/cropped-LOGO-HQG.png\",\"contentUrl\":\"https:\/\/highqualitygroup.cl\/wp-content\/uploads\/2023\/11\/cropped-LOGO-HQG.png\",\"width\":512,\"height\":512,\"caption\":\"High Quality Group\"},\"image\":{\"@id\":\"https:\/\/highqualitygroup.cl\/#\/schema\/logo\/image\/\"}}]}<\/script>\n<!-- \/ Yoast SEO plugin. -->","yoast_head_json":{"title":"Inicio - High Quality Group","robots":{"index":"index","follow":"follow","max-snippet":"max-snippet:-1","max-image-preview":"max-image-preview:large","max-video-preview":"max-video-preview:-1"},"canonical":"https:\/\/highqualitygroup.cl\/","og_locale":"es_ES","og_type":"article","og_title":"Inicio - High Quality Group","og_description":"Implementamos y auditamos Sistemas de Gesti\u00f3n ISO que aceleran tus resultados Expertos en ISO 9001, ISO 14001, ISO 45001, ISO 27001, ISO 50001 y NCh 2728. Del diagn\u00f3stico a la auditor\u00eda externa, con enfoque en cumplimiento y resultados de negocio. Respondemos en menos de 24 h \u00b7 Confidencialidad garantizada \u00b7","og_url":"https:\/\/highqualitygroup.cl\/","og_site_name":"High Quality Group","article_modified_time":"2025-10-27T03:56:58+00:00","twitter_card":"summary_large_image","twitter_misc":{"Tiempo de lectura":"1 minuto"},"schema":{"@context":"https:\/\/schema.org","@graph":[{"@type":"WebPage","@id":"https:\/\/highqualitygroup.cl\/","url":"https:\/\/highqualitygroup.cl\/","name":"Inicio - High Quality Group","isPartOf":{"@id":"https:\/\/highqualitygroup.cl\/#website"},"datePublished":"2023-11-06T20:21:21+00:00","dateModified":"2025-10-27T03:56:58+00:00","breadcrumb":{"@id":"https:\/\/highqualitygroup.cl\/#breadcrumb"},"inLanguage":"es","potentialAction":[{"@type":"ReadAction","target":["https:\/\/highqualitygroup.cl\/"]}]},{"@type":"BreadcrumbList","@id":"https:\/\/highqualitygroup.cl\/#breadcrumb","itemListElement":[{"@type":"ListItem","position":1,"name":"Portada","item":"https:\/\/highqualitygroup.cl\/"},{"@type":"ListItem","position":2,"name":"Inicio"}]},{"@type":"WebSite","@id":"https:\/\/highqualitygroup.cl\/#website","url":"https:\/\/highqualitygroup.cl\/","name":"High Quality Group","description":"Servicios profesionales de auditoria y consultor\u00eda de normas ISO","publisher":{"@id":"https:\/\/highqualitygroup.cl\/#organization"},"potentialAction":[{"@type":"SearchAction","target":{"@type":"EntryPoint","urlTemplate":"https:\/\/highqualitygroup.cl\/?s={search_term_string}"},"query-input":{"@type":"PropertyValueSpecification","valueRequired":true,"valueName":"search_term_string"}}],"inLanguage":"es"},{"@type":"Organization","@id":"https:\/\/highqualitygroup.cl\/#organization","name":"High Quality Group","url":"https:\/\/highqualitygroup.cl\/","logo":{"@type":"ImageObject","inLanguage":"es","@id":"https:\/\/highqualitygroup.cl\/#\/schema\/logo\/image\/","url":"https:\/\/highqualitygroup.cl\/wp-content\/uploads\/2023\/11\/cropped-LOGO-HQG.png","contentUrl":"https:\/\/highqualitygroup.cl\/wp-content\/uploads\/2023\/11\/cropped-LOGO-HQG.png","width":512,"height":512,"caption":"High Quality Group"},"image":{"@id":"https:\/\/highqualitygroup.cl\/#\/schema\/logo\/image\/"}}]}},"_links":{"self":[{"href":"https:\/\/highqualitygroup.cl\/index.php\/wp-json\/wp\/v2\/pages\/11","targetHints":{"allow":["GET"]}}],"collection":[{"href":"https:\/\/highqualitygroup.cl\/index.php\/wp-json\/wp\/v2\/pages"}],"about":[{"href":"https:\/\/highqualitygroup.cl\/index.php\/wp-json\/wp\/v2\/types\/page"}],"author":[{"embeddable":true,"href":"https:\/\/highqualitygroup.cl\/index.php\/wp-json\/wp\/v2\/users\/1"}],"replies":[{"embeddable":true,"href":"https:\/\/highqualitygroup.cl\/index.php\/wp-json\/wp\/v2\/comments?post=11"}],"version-history":[{"count":5,"href":"https:\/\/highqualitygroup.cl\/index.php\/wp-json\/wp\/v2\/pages\/11\/revisions"}],"predecessor-version":[{"id":96,"href":"https:\/\/highqualitygroup.cl\/index.php\/wp-json\/wp\/v2\/pages\/11\/revisions\/96"}],"wp:attachment":[{"href":"https:\/\/highqualitygroup.cl\/index.php\/wp-json\/wp\/v2\/media?parent=11"}],"curies":[{"name":"wp","href":"https:\/\/api.w.org\/{rel}","templated":true}]}}